{"id":21,"date":"2014-06-09T11:32:05","date_gmt":"2014-06-09T09:32:05","guid":{"rendered":"http:\/\/www.sotarnailund.se\/?page_id=21"},"modified":"2026-03-03T23:30:39","modified_gmt":"2026-03-03T22:30:39","slug":"besiktningar","status":"publish","type":"page","link":"https:\/\/www.sotarnailund.se\/?page_id=21","title":{"rendered":"Besiktningar"},"content":{"rendered":"<p>&nbsp;<\/p>\n<h4><strong>Besiktningar<\/strong><\/h4>\n<h5>Varje \u00e5r utf\u00f6rs ca 1200 besiktningar och t\u00e4thetsprovningar av Sotningsv\u00e4sendet i Lund AB.<\/h5>\n<p>Anledningarna \u00e4r m\u00e5nga f\u00f6r att utf\u00f6ra besiktning och t\u00e4thetsprovning av skorstenen:<br \/>\n\u2022 Vid k\u00f6p eller f\u00f6rs\u00e4ljning av fastighet<br \/>\n\u2022 Installation eller \u00e4ndring av eldstad\/skorsten<br \/>\n\u2022 Lokalisering av r\u00f6kkanal i befintlig skorsten<br \/>\n\u2022 Skada uppt\u00e4ckt i samband med sotning eller brandskyddskontroll<br \/>\n\u2022 R\u00f6klukt, misstanke om bristf\u00e4lligheter<br \/>\n\u2022 Spr\u00e4ngningsarbeten<br \/>\n\u2022 Efter soteld<\/p>\n","protected":false},"excerpt":{"rendered":"<p>&nbsp; Besiktningar Varje \u00e5r utf\u00f6rs ca 1200 besiktningar och t\u00e4thetsprovningar av Sotningsv\u00e4sendet i Lund AB. Anledningarna \u00e4r m\u00e5nga f\u00f6r att utf\u00f6ra besiktning och t\u00e4thetsprovning av skorstenen: \u2022 Vid k\u00f6p eller <a class=\"more-link\" href=\"https:\/\/www.sotarnailund.se\/?page_id=21\">Continue Reading &rarr;<\/a><\/p>\n","protected":false},"author":1,"featured_media":0,"parent":0,"menu_order":0,"comment_status":"closed","ping_status":"open","template":"","meta":{"footnotes":""},"class_list":["post-21","page","type-page","status-publish","hentry"],"_links":{"self":[{"href":"https:\/\/www.sotarnailund.se\/index.php?rest_route=\/wp\/v2\/pages\/21","targetHints":{"allow":["GET"]}}],"collection":[{"href":"https:\/\/www.sotarnailund.se\/index.php?rest_route=\/wp\/v2\/pages"}],"about":[{"href":"https:\/\/www.sotarnailund.se\/index.php?rest_route=\/wp\/v2\/types\/page"}],"author":[{"embeddable":true,"href":"https:\/\/www.sotarnailund.se\/index.php?rest_route=\/wp\/v2\/users\/1"}],"replies":[{"embeddable":true,"href":"https:\/\/www.sotarnailund.se\/index.php?rest_route=%2Fwp%2Fv2%2Fcomments&post=21"}],"version-history":[{"count":7,"href":"https:\/\/www.sotarnailund.se\/index.php?rest_route=\/wp\/v2\/pages\/21\/revisions"}],"predecessor-version":[{"id":219,"href":"https:\/\/www.sotarnailund.se\/index.php?rest_route=\/wp\/v2\/pages\/21\/revisions\/219"}],"wp:attachment":[{"href":"https:\/\/www.sotarnailund.se\/index.php?rest_route=%2Fwp%2Fv2%2Fmedia&parent=21"}],"curies":[{"name":"wp","href":"https:\/\/api.w.org\/{rel}","templated":true}]}}